hat is the highest common factor of v and 1?
1
Let x = -390 - -439. Calculate the greatest common factor of 833 and x.
49
Let t be 2/(-5) + (-288)/(-45). Suppose -19 - 5 = -t*h. Calculate the highest common factor of 12 and h.
4
Let t = 381 - 197. Calculate the greatest common divisor of 23 and t.
23
Let m(f) = f**3 - 15*f**2 - 15*f - 11. Let p be m(16). Suppose -p*q = -1 - 39. Calculate the highest common divisor of 4 and q.
4
Let m = 145 + -76. Suppose -156 = -3*v + m. What is the greatest common divisor of v and 30?
15
Let p(v) = v**2 - v - 11. Let l be p(-4). Suppose -4*c - 3 = -11. Let i = 11 - c. What is the greatest common factor of l and i?
9
Suppose 260 = -3*c + 386. What is the greatest common divisor of c and 224?
14
Suppose 12 = 9*i - 5*i. Suppose 3*j - j = i*x + 57, j - 36 = 4*x. What is the highest common factor of 96 and j?
24
Let k be 41/(-1) + 1/1. Suppose 0 = -3*y + 3, -3*u + 3*y = 2*u - 27. Let t be k/u*210/(-20). Calculate the highest common divisor of t and 10.
10
Let a be 18/(-8) + (-1781)/(-52). Calculate the greatest common divisor of 1024 and a.
32
Let n be (2 - (-13 + 9)) + (2 - -4). Suppose -4*b = -57 - 63. Calculate the greatest common factor of b and n.
6
Suppose 3*y - 630 = 2*v - v, -5*y - 3*v = -1064. Suppose y = 3*h + 5*r, -h + 4*r + 21 = -55. What is the greatest common divisor of 36 and h?
36
Suppose -3*o + 2 = -7. Suppose 6*p - o*p = 324. Suppose -5*x + 14 + 46 = 0. Calculate the greatest common divisor of x and p.
12
Suppose -20 = 5*o, 2*a - o = 69 + 77. Let q = 19 + a. Let d be 5/(-20)*-8 + 7. Calculate the highest common divisor of d and q.
9
Let o be ((-40)/(-15))/((-8)/(-276)). Suppose 7*v = 678 + o. Calculate the greatest common factor of 22 and v.
22
Suppose 5*z - 9 = -w, -3*z = -2*w - 5*z + 10. Calculate the greatest common divisor of w and 6.
2
Let t be (-786)/(-9)*9 - -1*2. Let m be t/18 - 2/(-9). Calculate the greatest common divisor of m and 4.
4
Let q(t) = -t - 72. Let l be q(0). Let o be (l - 1)/((-1)/7). Suppose -479 = -5*b + o. Calculate the highest common divisor of 22 and b.
22
Suppose -s = 4*c - 7*c + 5626, -2*c + 2*s = -3752. Calculate the greatest common divisor of 15 and c.
15
Suppose 51 = 41*j - 44*j. Let s(x) = x + 19. Let d be s(j). Calculate the highest common divisor of d and 3.
1
Suppose -u = 5*p + 6, -21 = -4*u + 2*p - 1. Let q be u - (3 - (2 - (1 + -37))). What is the greatest common factor of q and 78?
39
Let s = -79 + 142. Let y = s - 37. Let i = 77 - 38. Calculate the greatest common factor of i and y.
13
Let a be 7*68/(-4) + -1. Let k = 16 - a. Let u(s) = 15*s + 2. Let f be u(1). Calculate the greatest common factor of f and k.
17
Let a be (2/3)/(1/(6/4)). Let h(f) = 24*f**2 + 1. Let z be h(a). Calculate the greatest common factor of 200 and z.
25
Suppose -3*u - 2*u - 155 = 0. Let y = u + 52. Let s be y/(0 + -1 - -2). What is the greatest common divisor of s and 14?
7
Let r = -1069 + 1701. What is the greatest common divisor of 32 and r?
8
Suppose 2*i - 32 = -2*g + 10, -2*g - 8 = 0. Suppose -18*o - i = -23*o. Calculate the greatest common factor of o and 45.
5
Let n be 428/2*1/(-2). Suppose -3*u - 5*i = -471, u + 4*i - 164 = -7. Let q = u + n. What is the highest common factor of 125 and q?
25
Suppose 0 - 12 = -4*c. Suppose 2658 = -4*x + 10*x. Suppose 5*u - 2*b = 925, c*u - x = -b + 123. Calculate the highest common factor of 17 and u.
17
Let s be 2/6*(9 + 72). Let c be s/(-18)*(-40)/6. What is the greatest common factor of 5 and c?
5
Let m = -12 - -21. Let c = -50 - -51. What is the greatest common factor of c and m?
1
Let s be (1 - (-5)/(-2))/(2/(-20)). Calculate the greatest common factor of s and 375.
15
Let l(w) = 2*w**2 + 7*w - 5. Let x be l(-9). Suppose x = -p - 42. Let f = 262 + p. Calculate the greatest common divisor of f and 14.
14
Suppose -2*i + 1176 = 1158. Calculate the greatest common factor of i and 9.
9
Suppose 3*s - 5 = -2*u - 15, -20 = 2*s - 2*u. Let z be 56*(5 - (-27)/s). What is the highest common factor of 28 and z?
28
Suppose 2*y - 16 = -3*x - 57, -2*y + 2*x - 66 = 0. Let s = y + 118. Suppose 62 = 2*w - 2*h, 3*w + 0*h + h = 113. Calculate the highest common factor of w and s.
18
Let s(c) = -c**2 + 15*c - 29. Let h be s(7). Calculate the highest common factor of h and 27.
27
Let j = 445 - 237. Let o be (-1 - -53)*(-2)/(-4). Calculate the greatest common divisor of o and j.
26
Let g be ((-5)/(-3))/(7/21). Suppose g*i = -5*a + 20, 4 + 12 = -5*i + 4*a. Suppose -s = i, 2*t = t + 5*s + 28. What is the greatest common divisor of t and 14?
14
Let f be 4*(41 + 9)/5. Calculate the greatest common factor of f and 1320.
40
Suppose -3*x - 767 = 3*a + 169, -328 = a + 5*x. Let j = a - -451. Calculate the greatest common factor of j and 13.
13
Let q = -7 - -7. Suppose d - 41 = 5*b, q*b + 60 = 5*d + 4*b. Let j = d - 3. What is the highest common factor of 78 and j?
13
Suppose 0 = -855*x + 832*x + 230. What is the greatest common factor of 8 and x?
2
Suppose 47*w - 48*w = 4*f + 12, -5*f = 5*w - 15. What is the greatest common divisor of w and 992?
8
Suppose 11*y - 245 = 4*y. Let n be (-1)/(-3 + (-205)/(-70)). Calculate the highest common factor of n and y.
7
Let f(d) = -4*d. Let g be f(-3). Suppose 0 = i + 2*c - 8, -3*i + 3*c + 44 = 20. What is the highest common divisor of i and g?
4
Let o = 1122 + -1108. Calculate the greatest common factor of 119 and o.
7
Suppose 7*r - 2*r = 4*a + 2604, 4*r - 2078 = -2*a. Calculate the highest common divisor of r and 195.
65
Suppose 0 = 5*z - 479 + 149. Suppose -15*d + z = -14*d. What is the highest common divisor of d and 6?
6
Let w = -86 - -184. Let g = -74 + w. Calculate the highest common divisor of g and 12.
12
Suppose 7*b = 3*b - 4. Let n be b/3 - 370/(-30). Calculate the greatest common divisor of 4 and n.
4
Suppose -12*a + 8*a = -16. Let w = 7 - a. Let n be (-3 - -1)/((-2)/w). What is the greatest common factor of 6 and n?
3
Let g = 26 - 14. Let s = 1662 + -1654. Calculate the highest common factor of g and s.
4
Let m = 1322 + -1307. What is the highest common factor of m and 57?
3
Suppose 0 = 4*f - 8 - 820. Calculate the highest common divisor of 276 and f.
69
Let d(l) = -25*l + 122. Let j be d(0). Calculate the highest common divisor of 1037 and j.
61
Suppose -6 = -13*a + 10*a. Suppose 2*w + 74 = 5*s - 0*w, -a*s = 2*w - 24. Suppose -5*m + 150 = -25. What is the highest common divisor of m and s?
7
Let i = 682 + -664. What is the greatest common factor of 24 and i?
6
Let f(v) = 4*v + 13. Let w(q) = 1. Let n(t) = 4*f(t) - 44*w(t). Let d be n(4). Calculate the highest common factor of d and 108.
36
Suppose n = -3*q + 20, -4*n - q - 23 = -59. Suppose -80 = -12*o + n*o. What is the greatest common divisor of o and 30?
10
Suppose 4*v = 272 + 240. Let k be 1/(3/(-9))*-1. Suppose -3*s + 51 - k = 0. Calculate the greatest common factor of v and s.
16
Let r(c) = -10*c + 8. Let y be r(-6). Suppose u = 5*z - 47, -5*u - 4*z - y = -u. Let a = -12 - u. Calculate the highest common factor of 2 and a.
2
Let m be (5/20*52)/(2/36). Calculate the greatest common divisor of m and 104.
26
Suppose 294 + 417 = 79*m. Calculate the greatest common divisor of 27 and m.
9
Suppose -13 = -3*a + 2. Suppose 4*k + 204 = 2*n, 2*n - a*n = -2*k - 98. Let c = -30 - k. What is the greatest common divisor of c and 33?
11
Let f = -114 + 224. Suppose 0 = -4*d - 50 + f. Calculate the greatest common factor of 3 and d.
3
Let w(n) = n - 6. Let k be w(6). Suppose 3*l + 2*g = 2*l - 2, k = -l - g + 1. Let y be (-1)/((-39)/(-10) - 4). What is the greatest common factor of y and l?
2
Suppose -50 = -5*w - 30. Let a(f) = 3*f**2 - 6*f. Let c be a(w). Calculate the highest common divisor of c and 32.
8
Let n(s) = s**3 - 5*s**2 - 6 - 3*s + 4 + 8*s. Let c = -18 - -22. Let h be n(c). Calculate the highest common factor of 22 and h.
2
Let z = 32 + -29. Let t(f) = 4*f - 3. Let s be t(z). What is the greatest common divisor of 63 and s?
9
Let b be ((-1)/4*0)/(-1). Suppose -5*x + 407 + 1033 = b. What is the highest common factor of 16 and x?
16
Let h(b) = -16*b - 8. Let x be h(-5). What is the highest common factor of 18 and x?
18
Let l(m) = 88*m - 237. Let d be l(3). Calculate the highest common factor of d and 1404.
27
Suppose -4*v = -4*r - 418 + 34, -15 = -5*r. Let k be 223/(